 of g(q)?
0
Let f(m) = -m**3 + 58*m**2 - 170*m - 124. What is the hundreds digit of f(53)?
9
What is the units digit of (-3)/10 + 19206/220?
7
Let d = -16 - -46. Suppose 67 = 4*j + 7. Let k = d - j. What is the units digit of k?
5
Suppose 73173 = 22*c - 7435. What is the units digit of c?
4
Let o = -141 - -148. Suppose 54 = 2*y - n, o*y - 6*y = -n + 21. What is the units digit of y?
5
Let o = -8 - -17. Suppose -2*v + 46 = 4*w, o*v + 50 = 5*w + 4*v. Let k(h) = h**2 - 11*h + 5. What is the units digit of k(w)?
5
Let b = 2171 + -1446. What is the units digit of b?
5
Let v = 154 + -292. Let f = v + 220. Suppose 2*z + 2*p - f = -2*z, z - 4*p = 25. What is the tens digit of z?
2
Suppose 2*s - 18 = -r, 0 = 5*s - 2*r - 44 + 8. Let c = s + -6. Suppose f = -5*j + 75, -j = c*f + 3*f + 9. What is the tens digit of j?
1
Let u(i) = 4*i**2 + 3*i + 66. What is the units digit of u(9)?
7
Suppose 0 = -d + 9 + 11. Let h = d - 13. What is the units digit of (252/(-49))/((-2)/h)?
8
Let f be ((-36)/(-10))/(24/(-400)). Let w be 132 - (-1)/(2/(-4)). Let z = w + f. What is the units digit of z?
0
Let i = 406 + -233. What is the units digit of i?
3
Suppose -f = 5*f - 3090. What is the tens digit of f?
1
Suppose -552 = -4*h + 400. Suppose 5*c = h + 47. What is the units digit of c?
7
Suppose -d = 5*f + d - 42, -3*f + 27 = 3*d. Suppose -f*r + 330 = -2*r. What is the tens digit of r?
5
What is the units digit of ((-2)/(-6))/((-28)/(-234444))?
1
Suppose -79*m + 30 = -49*m. Let n = -54 + 37. Let f = m - n. What is the tens digit of f?
1
Suppose -4*q + 4*d + 84 = 0, -q + 4*q - 59 = -d. Suppose -18 - q = -u. Suppose 5 = -l, -2*l + 3*l = 3*r - u. What is the units digit of r?
1
Let d(f) = f**3 + 7*f**2 - 8*f + 10. Let v be d(-7). Suppose -6*k + 29 = -247. Let i = v - k. What is the units digit of i?
0
Let p(h) = h**3 - 5*h**2 - 8*h - 10. Let g be p(7). Let j = 154 - 82. Suppose 3*t = 3*o + j, -2*t + g = 5*o - 3*o. What is the tens digit of t?
2
Let w(t) = t**3 - 51*t**2 + 101. What is the hundreds digit of w(51)?
1
Let y(r) = -r**2 - 12*r - 11. Let d = -20 + 9. Let j be y(d). Let p = j + 40. What is the tens digit of p?
4
Let j be (-1)/1 - 588*(-2)/(-3). What is the hundreds digit of ((-24)/(-36))/((-2)/j)?
1
Let t be (5/(-3) - -2)/((-2)/24). What is the units digit of (-6)/t*32/(-24) + 46?
4
Suppose -91*z + 92*z = 4245. What is the units digit of z?
5
Suppose -3*b + 9 = -0*b. Suppose y + b*y - 158 = 2*x, 0 = -2*y + 4*x + 64. What is the tens digit of y?
4
Let u be (2/(-2))/(-1 + 3/4). Suppose s + u = 11. What is the units digit of s?
7
Suppose -5*b + 9*b = 484. What is the tens digit of b?
2
Suppose 2*q = 3*q - 4. Suppose -3*b = -q*b - 2*k - 2, 4*b + 2*k = 4. Suppose s + b*s = 96. What is the units digit of s?
2
Let u be (-2 - -1) + -20*(-29)/(-2). Let r = -151 - u. What is the tens digit of r?
4
Suppose 3*s - s = 5*q - 5, -5*q = -3*s. Let m be (-2)/8 + q/12. Suppose -3*k + z + 20 = m, z + 2*z = 4*k - 35. What is the units digit of k?
5
What is the tens digit of 8 + (-6)/1 - 461/(-1)?
6
Suppose -5*c - 125 = -4*f, 0 = -3*c - f - 21 - 71. Let b = 27 + c. What is the units digit of (-53)/b*(6 - 4)?
3
Let z = 188 + -62. What is the hundreds digit of z?
1
Let p(u) = 49*u + 82. What is the hundreds digit of p(4)?
2
Let d = -49 + 35. Let b = d + 18. Suppose b*r + v = 173, -176 = -4*r - 7*v + 3*v. What is the tens digit of r?
4
Let d(u) be the second derivative of u**4/12 - 3*u**3/2 + 6*u**2 + 13*u. What is the hundreds digit of d(-8)?
1
Let j be (-1 - (-52)/(-8))*-4. Suppose 0*b - j = -2*b + 5*q, -2*b - q = -54. What is the tens digit of b?
2
Let l(b) = -129*b**3 - b**2 + b. Let i be l(1). What is the units digit of (-3)/3 + (0 - i)?
8
Let o = -299 - -624. What is the hundreds digit of o?
3
Let a(z) = -92*z**3 + 3*z**2 - 5*z - 1. What is the hundreds digit of a(-2)?
7
Suppose -6*h + 12 = -3*h. What is the tens digit of (-2 - 118)*(1 + (-9)/h)?
5
Let a(y) = 2*y**2 - 14*y + 3. What is the tens digit of a(23)?
3
Let a(k) = k + 5. Let q be a(-5). Suppose q = -4*p - 20, -5*l + p = -2*p - 4735. What is the units digit of l/24 - 1/3?
9
Let i(s) be the first derivative of s**4/8 - 3*s**3 - 5*s**2/2 + 2. Let j(z) be the second derivative of i(z). What is the tens digit of j(15)?
2
What is the thousands digit of (-8)/((-6)/(-964)*(-6)/9)?
1
Let i(q) be the first derivative of q**3/3 - 2*q**2 - 14*q + 10. What is the hundreds digit of i(-13)?
2
Let n = -13 + 8. Let h(y) be the second derivative of -y**5/20 - y**4/2 - 7*y**3/6 - y**2/2 - 3*y. What is the units digit of h(n)?
9
Let d(q) = 25*q**2 - 2 - q**2 + 10*q**2 + 1. Let r = -13 + 12. What is the tens digit of d(r)?
3
What is the units digit of (-1)/((-24031)/3003 + 8)?
9
Suppose -3 = -2*s - q, 7 = -3*s + 4*s - 5*q. Suppose s*z - 60 = 3*i, -4*z + 112 + 16 = -4*i. What is the tens digit of z?
3
Suppose -35 = -2*h - 1. Suppose 0 = 3*y + h - 8. Let m(x) = x**3 + 3*x**2 + x + 4. What is the units digit of m(y)?
1
Let f(k) = 2*k - 8. Let u be f(6). Suppose p + 6 = u*p, 4*p = -3*a + 179. What is the units digit of a?
7
Let v = -3 - -1. Let t(l) = l**3 - 4*l**2 - 6*l + 5. Let p be t(5). What is the units digit of p - (v - (23 - 2))?
3
Let t be (42/(-28))/((-6)/4). Let u be -76*(5/(-10) + t). Let y = u - -45. What is the units digit of y?
7
Let w(y) = -y**3 - 13*y**2 + 4*y + 20. Let f be w(-14). Let m = f + -81. What is the tens digit of m?
7
Let v(x) = 20 + 0 - 3*x + x + 5. What is the tens digit of v(0)?
2
Suppose 0 = -5*l + 3*l - 32. What is the tens digit of -36*(l/(-6) - 3)?
1
Let u(f) = f**3 - 15*f**2 + 24*f + 32. Let w be (2 + 1 - 0) + 7 - -4. What is the units digit of u(w)?
2
Let x(c) = -7*c**3 - 2*c**2 + 4*c - 3. Let t(s) = -7*s**3 - 2*s**2 + 4*s - 3. Let y(w) = -3*t(w) + 2*x(w). What is the tens digit of y(2)?
5
What is the hundreds digit of (-112230)/(-66) - (-12)/22?
7
Let t(k) = k**2 + 5*k - 8. Let u be t(-7). Let n be -4*(-3 + 15/u). What is the tens digit of (-1)/n*(0 - 22)?
1
Suppose -2 = c + 4*x - 11, -14 = -3*c + x. Suppose 236 - 1086 = -c*y. What is the hundreds digit of y?
1
Let l(s) = -s**2 + 5*s - 1. Let h be l(4). Let t = h + 1. What is the units digit of (-2)/t*28/(-1)?
4
Let m(c) = c**2 + c + 3. Let y be m(0). Suppose -3*i + 7 = 2*a, 3*i - 9 = -2*a - a. Suppose -a*d + 125 = y*d. What is the units digit of d?
5
Suppose -3*t - 30 = -0*t. Let z = t - -17. Suppose -z*i = -12*i + 25. What is the units digit of i?
5
Suppose b - 3*f = -6*f - 63, 4*f = -5*b - 260. What is the hundreds digit of (b/30 - 4)*70/(-2)?
1
Let z(x) = 5 - 10*x**2 - 2*x - 3*x + 9*x**2. Let w be -1 - ((4 - 4) + 4). What is the units digit of z(w)?
5
Let n be (-478)/(-8) - (-1)/4. Let c = n + 16. What is the units digit of c?
6
Let u(o) = o - 11. Let v be u(20). What is the units digit of 21/((-24)/v + 3)?
3
Let d = -3956 - -6773. What is the thousands digit of d?
2
Let k(d) = -4*d**3 + 14*d**2 - 18*d - 64. What is the tens digit of k(-10)?
1
Suppose 3*q + 46 = 4*n, 12 = -q + n + 2*n. Let d = 127 - q. What is the tens digit of d?
4
Let x(j) = -4*j + 3. Let k(h) = h - 1. Let t(d) = -11*k(d) - 4*x(d). Let f = 1 + 6. What is the units digit of t(f)?
4
What is the units digit of 1932/(-10)*50/(-15)?
4
Let q(v) = v**3 + 19*v**2 + 8*v - 6. Let n be q(-6). Suppose 7*l + n = 10*l. What is the units digit of l?
8
Let p(c) = c**2 - 1. Let g be p(4). Suppose -143 = 18*x + 217. Let h = g - x. What is the tens digit of h?
3
Let h(u) = -3*u**3 - u - 3. Let t be h(-2). Suppose -t = -x - 4*x - 2*l, -4*x - 5*l + 15 = 0. What is the units digit of x?
5
Let g be (-6)/5*(-15)/(-3). Let i(l) = -9*l**2 - 15*l + 41. Let v(p) = -4*p**2 - 8*p + 19. Let f(z) = -2*i(z) + 5*v(z). What is the units digit of f(g)?
1
Suppose 5*c - 4*w - 40266 = 0, -w + 5*w = -2*c + 16084. What is the units digit of (-1)/3 + c/30?
8
Let j(q) = 9*q**2 + 3*q + 1. Let m(b) = 4*b**2 + b. Let a(t) = 3*j(t) - 5*m(t). What is the units digit of a(-1)?
6
Let c be (21/4)/(33/44). Suppose -c*z = -4*z + 387. Let d = -59 - z. What is the units digit of d?
0
Let j be -2 - -1 - (-18)/9. Let u be (-54)/(-4)*(j - 3). What is the units digit of u/18*(-3 + 1)?
3
Let i(t) = -t + 20. Let j be i(0). Suppose z = -z - j. Let f = z + 40. What is the units digit of f?
0
Let k(j) be the second derivative of j**3/3 - 5*j**2 - 17